 0 = -5*l - 5*w + 35. Suppose -l*g = 3*h - 1673, h + 7 - 3 = 0. Is g a composite number?
False
Let x = -18 - 3. Let k = 106 - x. Is k a composite number?
False
Suppose 12 = -3*u - 27. Let j = 17 + u. Suppose q + 2*q - j*t - 267 = 0, 4*q - 5*t - 355 = 0. Is q a prime number?
False
Is -4 - -10 - 25612/(6 - 7) a prime number?
False
Suppose 3*y + 0*y - 2664 = 0. Suppose -5*a + y = 68. Suppose -2*s - 170 - a = -2*f, -2*s + 644 = 4*f. Is f composite?
False
Suppose 32*r - 31*r = 2*m - 33, -5*m = -5. Let d(q) = -q**3 + 8*q**2 + 2*q - 5. Let v be d(5). Let n = v - r. Is n a composite number?
True
Let j = 421 - -1222. Is j a composite number?
True
Let b(o) = -o**3 + 16*o**2 - 8*o + 6. Let c be (65/(-10))/(3/(-6)). Is b(c) prime?
True
Let j(t) = t + 10. Let l be j(10). Let f(y) = -y**3 + 20*y**2 + 2*y + 9. Is f(l) a prime number?
False
Let r(x) be the second derivative of 37*x**5/10 - x**4/12 - x**3/6 + x**2/2 - 4*x. Let w be r(2). Let a = w + -324. Is a composite?
False
Suppose -240 = -5*v - 3*p - 2*p, -3 = -p. Let z = v + 952. Is z composite?
False
Let s = -139 + 228. Let k be (2*24)/((-6)/8). Let l = k + s. Is l a composite number?
True
Let l(h) = 2*h**2 - 15*h. Let a be l(10). Suppose -j + 88 = 3*n + j, 0 = 2*n - j - 54. Let g = a - n. Is g a composite number?
True
Let b = -9022 - -13465. Is b composite?
True
Suppose -643 = -5*q + 1007. Is 5/(q/12) + 99018/22 prime?
False
Is (16*-647)/(-2) - 9 a composite number?
False
Let y = 13 + -6. Let u = -11 + y. Is 1/(-4) - 133/u a composite number?
True
Let p = -4 - -7. Suppose -2*a = p*v + 2*a + 1457, 0 = -5*v + 4*a - 2375. Is (-4)/18 + v/(-9) composite?
False
Let w = 17 + -22. Let b = w - -4. Is b/(-3 + (-5676)/(-1893)) a prime number?
True
Suppose -5*s + 2*b = -113107, 0 = -5*s - 2*b + 10885 + 102238. Is s prime?
False
Let m(h) be the second derivative of 3*h + 0 - 1/12*h**4 - 5/6*h**3 + 1/2*h**2. Is m(-3) a prime number?
True
Suppose -s = -6 + 2. Suppose -2*f + s = -4. Suppose -f*t + 2*v = -151 + 3, 4*t - 156 = -2*v. Is t prime?
False
Let j(p) be the first derivative of 5*p**4/4 - 4*p**3/3 + p**2/2 + 4*p - 12. Let i = 1 - -2. Is j(i) a prime number?
False
Is (-18890)/(-12) - 28/168 composite?
True
Suppose -6*w + 3724 - 40 = 0. Suppose -5*i = -3*i - w. Is i prime?
True
Suppose 5*p - 5*i = 2364 + 4591, 3*p = i + 4173. Is p prime?
False
Let r be (-8)/(-10)*7/(7/(-5)). Is (96/(-20) - r/5) + 1401 prime?
False
Is (-13638)/(-4)*(0 - 78/(-9)) composite?
True
Let c = 4258 - 2225. Let j be 20/6 + (-1)/3. Suppose -669 = -h + 5*v, 0 = -j*h - 0*v + 2*v + c. Is h prime?
False
Let p be (-11211)/(-21) - 3/(-21) - 1. Let l = 1360 + p. Is l prime?
False
Let u = -27 + 31. Suppose -u*b = b - 785. Is b a prime number?
True
Suppose 5*x - 264752 - 41793 = -5*c, -306545 = -5*x + c. Is x a prime number?
False
Let b = -4 + 7. Suppose -24 = h - b*h. Suppose 0 = -4*t - 2*z - z + 1504, 3*z - h = 0. Is t prime?
True
Suppose 0 = 8*i - 1 - 23. Suppose a + 7*t - i*t - 389 = 0, a - 399 = -2*t. Is a a prime number?
True
Let z(g) = 343*g**2 + 9*g + 3. Is z(-2) composite?
True
Is (8324 - -2) + (-12)/2 + 9 composite?
False
Let j be ((-438)/(-8))/(6/32). Suppose -4*i + 936 = -j. Is i a prime number?
True
Let m = -73 + 138. Let c = 44 + m. Is c a prime number?
True
Suppose -4*z + 2*l - 2617 = 503, -4*l + 766 = -z. Let c = z - -498. Let q = 729 + c. Is q a prime number?
False
Let v be -5 + 3*(-4)/(-3). Is 5*v/(-2)*502/1 composite?
True
Let g(q) = -q**2 + 6*q + 1. Let o be g(8). Let y = o - -19. Suppose -194 = -0*p - 2*p + y*a, 106 = p - 5*a. Is p prime?
False
Is (-7 - (-10 + 4))*-1 - -73300 composite?
True
Let s(f) = 35*f + 11801. Is s(0) a prime number?
True
Suppose 3*f = -2*w - 2 - 5, 4*f = 2*w + 14. Is f*(2 + -1) - (-2682)/3 prime?
False
Let y(v) be the second derivative of 5*v**3/2 - 5*v**2/2 + 17*v. Suppose 0 = -4*k + 10 + 6. Is y(k) a composite number?
True
Let o be 25/(-15) + (-1)/3. Is 685 + (o + 6)*1 composite?
True
Let k(o) = 3*o - 18. Let c be k(8). Suppose 3*h - c*h + 8166 = 0. Suppose 5*x - 1696 = 5*n + 1694, -4*x + 2*n + h = 0. Is x prime?
True
Let j = 16107 + -7972. Is j composite?
True
Suppose 2*m = -f - 1, 5*m + 4*f - 1 = -11. Suppose -m*u + 4882 = 3*v, -12179 = -5*u + 2*v - 3*v. Is u prime?
False
Let d(j) be the second derivative of 23*j**5/20 + j**4/3 - j**3/3 - j**2 - 6*j. Is d(3) composite?
True
Let y(b) = b**3 + 8*b**2 + 12*b + 7. Let x be y(-6). Suppose 0 = x*h + 2415 - 13216. Is h composite?
False
Let l(x) be the first derivative of -x**7/840 + x**6/36 - x**5/40 + x**4/24 + 4*x**3 + 2. Let w(z) be the third derivative of l(z). Is w(6) a prime number?
True
Suppose 0*v - 2*v = -j - 49, 3*j = -5*v + 128. Let f = v + -28. Let r(h) = -45*h - 8. Is r(f) a composite number?
False
Let q(g) = 3386*g**2. Is q(-1) a composite number?
True
Let y = 221 - -46. Let z = -126 + y. Let q = z + -83. Is q a prime number?
False
Suppose 4*v - 4*j = 1724, -1621 - 110 = -4*v - 3*j. Suppose -4*i = -3*l + 325, -6*l = -2*l - 5*i - v. Is l a prime number?
True
Suppose -2*x + m = -3*x - 3596, -5*x = 4*m + 17985. Let g be 3*1*x/(-39). Suppose -3*u = -4*v - g, 7*u + 4*v = 2*u + 419. Is u composite?
True
Let p be (14 - 14)*1/3. Let q(b) = -2*b - 254. Let a(h) = -h**2 + h + 1. Let v(k) = -a(k) - q(k). Is v(p) a composite number?
True
Suppose 0 = 2*c - h - 30374 + 812, 5*h + 14799 = c. Is c prime?
True
Is (-1)/(-2)*-3*60552/(-108) a composite number?
True
Suppose 0 = -2*w + w + 2*r + 4, -3*r = 3. Is ((-15)/(-45))/(w/6522) a composite number?
False
Suppose -3*p = -s - 2, 3*s - 48 = 8*s + 4*p. Let n(g) be the first derivative of g**3 - 4*g**2 - 5*g - 30. Is n(s) a composite number?
False
Let q(i) = -i**3 - 72*i**2 + 168*i - 4. Is q(-75) composite?
False
Let v = 281558 + -167299. Is v a prime number?
True
Suppose 0 = -4*k - 4*s - 12, 4*k - 20 = -k + 2*s. Let j(h) = -96*h**2 + 5*h - 5. Let v be j(k). Let l = -12 - v. Is l a composite number?
False
Let j = 5937 + 2314. Is j a composite number?
True
Let g = 5984 + -2164. Suppose -250 = -5*x - g. Let v = x - -1127. Is v composite?
True
Let b be 4/6 - 46420/(-30). Let d = b - 449. Is d prime?
False
Suppose -j - 4230 = 5*a + j, 0 = -2*j - 10. Let v = -246 - a. Is (v/4)/(5/10) a prime number?
False
Suppose -o = -5*b + 2, 0*o + 2 = 2*b - o. Suppose -2*p - 2*c - 3*c + 74 = b, 5*p - c = 185. Is p prime?
True
Let m = 37 + -12. Suppose 0 = -2*q - 0*q + 3*d + 433, -m = 5*d. Is q a composite number?
True
Suppose -c + q + 554 + 399 = 0, -3*c = 2*q - 2859. Is c a composite number?
False
Suppose 116 = g + 5*q, 4*g - 322 = g - 2*q. Suppose -b + g = -2*a - 31, 2*b = -5*a + 229. Is b composite?
False
Let i(r) = 3*r - 25. Let s be i(10). Suppose -s*c - 2*c = -175. Is c/(-50) + 1270/4 a composite number?
False
Suppose 3*t = -2*f + 1361 + 77, 2*t = 3*f - 2183. Let r = 4 + -4. Suppose r = m - 6*m + f. Is m a composite number?
True
Suppose -w + 81 = -363. Let v = w + -241. Is v a composite number?
True
Suppose -f + 0*h + 32353 = 3*h, -2*h = 2*f - 64706. Is f composite?
False
Suppose 42*u = -4*u + 828598. Is u prime?
True
Let z = -199 + 388. Suppose 4*n + 189 = -3*k, k + 4*n = 4*k + z. Is (-3357)/k - 2/7 prime?
True
Let i(n) = -27*n - 2. Suppose -34 - 10 = -4*y. Let w = y + -14. Is i(w) prime?
True
Let c = 135388 - 66659. Is c composite?
False
Let c = 69 + -48. Suppose d + 3*b = 7*b + c, 4*d + 3*b = -11. Is (0 - -4)*d + 2 a prime number?
False
Suppose -252*j = -254*j + 11126. Is j composite?
False
Let u(g) be the third derivative of 0*g + 0 + 7/8*g**4 - 1/3*g**3 - 6*g**2. Is u(4) a prime number?
False
Let h = -65 + 182. Suppose s - 4 = 2*x, 0*s = -5*s - 5*x - 10. Suppose s = -q + 391 - h. Is q a composite number?
True
Is -1*(-100604)/(20/5) a prime number?
False
Suppose -2*f + 7*f + 60 = 0. Is ((-8)/f + -1)*-969 composite?
True
Suppose -8*w + 6*w + 72302 = 0. Is w a prime number?
True
Let q(x) = x**3 + 11*x**2 + 11*x + 8. Let h be 225/(-33) + 6/(-33). Is q(h) prime?
True
Suppose 16*t + 7*t = 199249. Is t composite?
False
Let s = -29 - -34. Let d be (1 - 2) + -1 - -6. Suppose 5*y - d*v - 147 = 0, -5*v = -s - 5. Is y composite?
False
Suppose 2*z - 290 = 5*y, 4*z - 244 = 7*y - 3*y. Let a = y + 19. Is a/2*(2 - 8) a prime number?
False
Is (-3 - 49/(-21))/(16/(-25032)) a composite number?
True
Let m(x) = 55*x + 39. Let s be m(25). Sup